 by w?
10
Let c = -22 - -38. Let w = 15 + -6. Calculate the remainder when c is divided by w.
7
Let n(o) = -14*o. Calculate the remainder when n(-2) is divided by 10.
8
Let u(p) = -3*p + 7. Calculate the remainder when 36 is divided by u(-2).
10
Let z(n) be the second derivative of 7/6*n**3 + 4*n**2 + 2*n + 0 + 1/12*n**4. What is the remainder when 5 is divided by z(-6)?
1
Let c(k) = -k + 15. Calculate the remainder when 18 is divided by c(10).
3
Let n(m) = m - 1. Let s be n(5). Suppose s*o + z = 24, -3*o - 3*z + 5*z = -18. Let l = -1525 - -1529. What is the remainder when o is divided by l?
2
Suppose -4*w = 4, 3*w + 0*w = 5*m - 93. Suppose 196 = 3*v + 166. What is the remainder when m is divided by v?
8
Let x(t) = t**3 + 5*t**2 + 3*t - 2. Let q be x(-4). Suppose -f = 5*c - 2, -8 = -q*c - 5*f + f. Let l = 1 + c. Calculate the remainder when l is divided by 1.
0
Let b = 1 - -9. What is the remainder when 19 is divided by b?
9
Suppose 3*x = 3*q - 18, 0 = 3*x + 3. Suppose -324 = -q*c - 2*i, 0 = 3*c + 6*i - 3*i - 189. Calculate the remainder when c is divided by 17.
15
Let w = -71 + 22. Let x = 100 + w. Let j(t) = 5*t - 4. What is the remainder when x is divided by j(6)?
25
Suppose -z + 2*z = 2. Let f(d) = d**3 + 6*d**2 - 8*d - 5. What is the remainder when z is divided by f(-7)?
0
Let r = 18 + -10. Suppose 6 + r = 2*y. What is the remainder when 20 is divided by y?
6
Let i = 26 - 9. Let n = 6 - 0. What is the remainder when i is divided by n?
5
Suppose 8 = -3*q - l, -2*l - 2 = q - 1. Let f = 0 - q. Calculate the remainder when 4 is divided by f.
1
Let u(b) = -5*b - 1. Let l be u(-3). What is the remainder when (-4)/(-2) - (-2 - l) is divided by 10?
8
Suppose -3*a + 8*a - 2 = l, -3*a = -l. Suppose 0 = l*y - 31 - 38. Calculate the remainder when y is divided by 12.
11
Let v(w) = -1 + 1 - 2*w + 1. Let a be v(-7). Suppose -7*z + 4*z - 4*j = -65, -3*j = -a. Calculate the remainder when z is divided by 6.
3
Let x(z) = 2*z - 26. Let j be x(12). Calculate the remainder when 3 is divided by j*4/24*-3.
0
Suppose 0 = -3*p + 3 + 6. Suppose -u + p*u = 4*c + 28, c + 34 = 5*u. What is the remainder when 17 is divided by u?
5
Let u = -9 - -15. Suppose -3*x = -2*g - 6*x + 25, -g + 3*x + 26 = 0. Calculate the remainder when g is divided by u.
5
Calculate the remainder when (-9)/((5 - 2)*(-4)/56) is divided by 9.
6
Let n(w) = w. Let z(g) = 1 + 4*g - 9 + 0 + 0*g. Let f(y) = 3*n(y) - z(y). Calculate the remainder when 41 is divided by f(-6).
13
Let c(v) = 0 - v + 1 - 3. Calculate the remainder when 5 is divided by c(-4).
1
What is the remainder when 84 is divided by 4/(-18) - (-200)/9?
18
Let p = -21 - -36. Let w(h) = 2*h**2 - 6*h - 3. Let j be w(6). Suppose o = 5*r + 24, 3*o - 2*r + j - 157 = 0. What is the remainder when o is divided by p?
14
Let s = 2 - -11. Suppose s = -2*g - 11. What is the remainder when 46 is divided by 5*1/((-5)/g)?
10
Let z be (-372)/(-10)*(-20)/(-6). Let g(i) = -i**3 + i**2 - 6*i - 3. Let t be g(-5). Let q = t - z. Calculate the remainder when q is divided by 18.
17
Let l = 24 - 8. Suppose 3 = c - 3. Suppose 4*k - c = 3*k. What is the remainder when l is divided by k?
4
Let a = 3 + -5. Let t be 3*a/(-6) - -1. Suppose t*k + 0 = 32. What is the remainder when 46 is divided by k?
14
Suppose -5*v = -123 - 147. Calculate the remainder when v is divided by 19.
16
Suppose o + b - 15 = 0, -4*o = b - 4*b - 39. Let n be o/(-8)*20/(-6). What is the remainder when (26/n)/((-1)/(-5)) is divided by 9?
8
Let u(v) = -2*v - 9. Suppose 0*p + 19 = a + 4*p, 5*a - 63 = -4*p. What is the remainder when u(-15) is divided by a?
10
Suppose 0 = 6*i - 71 - 211. Calculate the remainder when i is divided by 16.
15
Calculate the remainder when 53 is divided by ((-3)/2)/(3/(-22)).
9
Suppose -g + u = -0*u - 19, -3*g - u = -65. Let o = -4 - -12. What is the remainder when g is divided by o?
5
Suppose 5*r - 4*p - 154 = -25, -20 = -r - 5*p. What is the remainder when 97 is divided by r?
22
Let f(z) = -z**3 + 9*z**2 - 7*z + 3. Suppose -g - 4*g = -40. What is the remainder when 19 is divided by f(g)?
8
Suppose -o + 7 = -2*c, -5*o = 3*c - 9 - 0. Let y = c + 8. Let x(q) = q + 1. What is the remainder when x(y) is divided by 4?
3
Let t(x) = -x**3 + 9*x**2 - x. Let w(g) = 2*g**3 - 9*g**2 + g. Let r(m) = 3*t(m) + 2*w(m). Let n = 23 + -18. What is the remainder when r(-9) is divided by n?
4
Let l be -1*0*(1 + -2). Suppose l = i + 3*s - 13, -5*i + 3*s + 2*s = -45. Calculate the remainder when 38 is divided by i.
8
Let l be (-1)/((-195)/(-66) + -3). Suppose 4*g - 5*t - l = 89, -161 = -4*g - 5*t. Calculate the remainder when g is divided by 18.
16
Suppose 0 = -u + 2*u + 5*n - 7, 3*u + 3*n = 21. Calculate the remainder when 16 is divided by u.
2
Suppose -2*m = -5*a + 123, -2*a = 4*m - 8 - 22. Let u = 5 - -3. What is the remainder when a is divided by u?
7
Let k(i) = 2*i**2 + 5*i - 3. Let p(f) = f + 5. Let w be p(-5). Suppose w = 8*c - 3*c + 20. Calculate the remainder when 26 is divided by k(c).
8
Let j = 6 + 59. Suppose 63 + j = 4*d + b, -5*d - 2*b = -163. Suppose 11 = 2*x - x. Calculate the remainder when d is divided by x.
9
Suppose 3*k = 4*t + 59 - 249, -3*t + 3*k + 141 = 0. What is the remainder when t is divided by 17?
15
Let y(m) = m**3 - 3*m**2 - 4*m. Let s be y(4). Suppose 4 = -s*n + n. Let b(x) = -x + 5. Calculate the remainder when b(-5) is divided by n.
2
Suppose -30 - 63 = 5*n - 2*p, 52 = -3*n + 5*p. Let r = n - -29. Calculate the remainder when 39 is divided by r.
9
Suppose 0*o = f - 2*o - 5, -4*f + 4*o = -32. Suppose -24*g - 85 = -541. What is the remainder when g is divided by f?
8
Let b(g) = g**2 + 9*g + 3. Calculate the remainder when 3 is divided by b(-9).
0
Let d(r) = -r**3 + 8*r**2 + 5*r - 11. Let c be d(8). Let g = 41 - c. What is the remainder when 23 is divided by g?
11
Suppose 0 = 2*f + 5*w, 4*w + 6 + 6 = -4*f. Let a = f - -11. Let s = -14 + 24. Calculate the remainder when s is divided by a.
4
Let d(x) = x**3 + 8*x**2 + 4*x - 4. Let n be d(-5). Suppose 12 = 3*t - n. Let f = -24 - -36. Calculate the remainder when t is divided by f.
9
Suppose 23*o - 21*o = 38. What is the remainder when 93 is divided by o?
17
Calculate the remainder when 42 is divided by (-2 + 7)/(1 - (-8)/(-12)).
12
Suppose -31 = -3*r + 101. Let o = r - 21. What is the remainder when 67 is divided by o?
21
Calculate the remainder when (-2)/(1*3/(-33)) is divided by 6.
4
Suppose 2*r - 204 = 22. Suppose r = z + 5*x, 3*z - 3*x - 81 = 2*z. What is the remainder when z is divided by 24?
21
Let k be (-4)/6 - (-8)/12. Suppose 2*y - 6 - 4 = k. What is the remainder when 13 is divided by y?
3
Let a(v) = -10*v + 4. What is the remainder when a(-3) is divided by 63/14*(-16)/(-6)?
10
Let y(a) = a + 1. Calculate the remainder when 7 is divided by y(3).
3
Suppose -2*m - m + 147 = 0. Suppose 4*j - m = 15. Suppose 0*l - 4*l + j = 0. What is the remainder when 11 is divided by l?
3
Suppose 0 = -2*g + 2 - 0. What is the remainder when 36 is divided by -3 - (1 - g) - -22?
17
Let y = 5 + -3. Suppose a + 2*p = -3, y*p = -3*p - 15. Suppose -2*o - 4*i = -26, 0*o + a*i = 4*o - 30. Calculate the remainder when 24 is divided by o.
6
Suppose 4*w = -4*p + 164, -2*w + 9*p = 4*p - 89. What is the remainder when w is divided by 7 + (5 - 7) + 6?
9
Let u(n) = -4*n**2 - 4*n - 2. Let s(f) = -f**2 + 1. Let a(m) = 3*s(m) - u(m). What is the remainder when (-7)/((-14)/(-20))*-5 is divided by a(-6)?
16
Suppose -2*c + 53 = -3*l, -c - l + 6*l + 44 = 0. What is the remainder when 130 is divided by c?
16
Suppose -5*y + 31 = -104. Let t = 17 + -7. Calculate the remainder when y is divided by t.
7
Let q(o) = -o**3 + 15*o**2 + 35*o - 5. What is the remainder when 47 is divided by q(17)?
11
Suppose -147 - 148 = -5*m. Calculate the remainder when m is divided by 31.
28
Let i = -56 - -96. Suppose v + n + n - 5 = 0, 5*v + 5*n = i. Calculate the remainder when 43 is divided by v.
10
Let o(f) = 19*f**2 + 3*f + 2. What is the remainder when o(-2) is divided by 15?
12
Let t be 4/(-6) - (-33)/9. Suppose z = -t*z + 32. Calculate the remainder when 30 is divided by z/(-20) + (-164)/(-10).
14
Let d(h) = h**2 - 13*h + 1. Let l be d(13). Let i(m) = 14*m**3 - m**2 + m - 1. Calculate the remainder when 49 is divided by i(l).
10
Calculate the remainde